{"id":108301,"date":"2025-07-02T16:57:25","date_gmt":"2025-07-02T14:57:25","guid":{"rendered":"https:\/\/www.bel-oeil.com\/produit\/ishino-sofa\/"},"modified":"2025-07-02T16:57:25","modified_gmt":"2025-07-02T14:57:25","slug":"ishino-sofa","status":"publish","type":"product","link":"https:\/\/www.bel-oeil.com\/en\/produit\/ishino-sofa\/","title":{"rendered":"Ishino Sofa"},"content":{"rendered":"<p data-start=\"92\" data-end=\"334\">The Ishino sofa by Walter Knoll, designed by Da\u00ef Sugasawa, combines elegance and comfort with its Sorel fabric upholstery and Harald velvet exterior. Its modern and refined design adds a sophisticated touch to your interior.<\/p>\n<p data-start=\"336\" data-end=\"540\">With generous dimensions of 240 x 88 x 74 cm, this sofa provides a comfortable space to relax. The creation by designer Da\u00ef Sugasawa is distinguished by its exquisite finishes and contemporary aesthetics.<\/p>\n<p data-start=\"542\" data-end=\"681\">The Ishino sofa by Walter Knoll Da\u00ef Sugasawa is available as a unique piece at our showroom, perfect for those seeking exclusive furniture.<\/p>\n<p data-start=\"683\" data-end=\"742\">Available to view at our <a href=\"https:\/\/www.bel-oeil.com\/en\/good-deals-bel-oeil\/\">Monaco showroom \u2013 23 rue de Millo<\/a>.<\/p>\n","protected":false},"excerpt":{"rendered":"<p>Ishino sofa with Sorel fabric inside and Harald velvet outside.<br \/>\nDesign by Da\u00ef Sugasawa.<\/p>\n<p>Dimensions: 240 x 88 x H 74 cm<br \/>\nUnique piece available at showroom.<\/p>\n<p>Available to view at our <a href=\"https:\/\/www.bel-oeil.com\/en\/good-deals-bel-oeil\/\">Monaco showroom \u2013 23 rue de Millo<\/a>.<\/p>\n","protected":false},"featured_media":108136,"template":"","meta":{"inline_featured_image":false},"pwb-brand":[5223],"product_brand":[],"product_cat":[5334,5447],"product_tag":[5445],"class_list":{"0":"post-108301","1":"product","2":"type-product","3":"status-publish","4":"has-post-thumbnail","6":"pwb-brand-walter-knoll","7":"product_cat-good-deals","8":"product_cat-sofas","9":"product_tag-dai-sugasawa-en","11":"first","12":"instock","13":"sale","14":"taxable","15":"shipping-taxable","16":"purchasable","17":"product-type-simple"},"yoast_head":"<!-- This site is optimized with the Yoast SEO plugin v27.4 - https:\/\/yoast.com\/product\/yoast-seo-wordpress\/ -->\n<title>Ishino Sofa Walter Knoll Da\u00ef Sugasawa | Bel \u0152il Monaco<\/title>\n<meta name=\"description\" content=\"Ishino sofa by Walter Knoll Da\u00ef Sugasawa in Sorel fabric and Harald velvet. Dimensions 240 x 88 x 74 cm. Available in Monaco.\" \/>\n<meta name=\"robots\" content=\"index, follow, max-snippet:-1, max-image-preview:large, max-video-preview:-1\" \/>\n<link rel=\"canonical\" href=\"https:\/\/www.bel-oeil.com\/en\/produit\/ishino-sofa\/\" \/>\n<script type=\"application\/ld+json\" class=\"yoast-schema-graph\">{\"@context\":\"https:\\\/\\\/schema.org\",\"@graph\":[{\"@type\":\"WebPage\",\"@id\":\"https:\\\/\\\/www.bel-oeil.com\\\/en\\\/produit\\\/ishino-sofa\\\/\",\"url\":\"https:\\\/\\\/www.bel-oeil.com\\\/en\\\/produit\\\/ishino-sofa\\\/\",\"name\":\"Ishino Sofa Walter Knoll Da\u00ef Sugasawa | Bel \u0152il Monaco\",\"isPartOf\":{\"@id\":\"https:\\\/\\\/www.bel-oeil.com\\\/en\\\/#website\"},\"primaryImageOfPage\":{\"@id\":\"https:\\\/\\\/www.bel-oeil.com\\\/en\\\/produit\\\/ishino-sofa\\\/#primaryimage\"},\"image\":{\"@id\":\"https:\\\/\\\/www.bel-oeil.com\\\/en\\\/produit\\\/ishino-sofa\\\/#primaryimage\"},\"thumbnailUrl\":\"https:\\\/\\\/www.bel-oeil.com\\\/wp-content\\\/uploads\\\/2025\\\/07\\\/ISHINO-Walter-Knoll-Dai-Sugasawa.png\",\"datePublished\":\"2025-07-02T14:57:25+00:00\",\"description\":\"Ishino sofa by Walter Knoll Da\u00ef Sugasawa in Sorel fabric and Harald velvet. Dimensions 240 x 88 x 74 cm. Available in Monaco.\",\"breadcrumb\":{\"@id\":\"https:\\\/\\\/www.bel-oeil.com\\\/en\\\/produit\\\/ishino-sofa\\\/#breadcrumb\"},\"inLanguage\":\"en-US\",\"potentialAction\":[{\"@type\":\"ReadAction\",\"target\":[\"https:\\\/\\\/www.bel-oeil.com\\\/en\\\/produit\\\/ishino-sofa\\\/\"]}]},{\"@type\":\"ImageObject\",\"inLanguage\":\"en-US\",\"@id\":\"https:\\\/\\\/www.bel-oeil.com\\\/en\\\/produit\\\/ishino-sofa\\\/#primaryimage\",\"url\":\"https:\\\/\\\/www.bel-oeil.com\\\/wp-content\\\/uploads\\\/2025\\\/07\\\/ISHINO-Walter-Knoll-Dai-Sugasawa.png\",\"contentUrl\":\"https:\\\/\\\/www.bel-oeil.com\\\/wp-content\\\/uploads\\\/2025\\\/07\\\/ISHINO-Walter-Knoll-Dai-Sugasawa.png\",\"width\":2524,\"height\":2510},{\"@type\":\"BreadcrumbList\",\"@id\":\"https:\\\/\\\/www.bel-oeil.com\\\/en\\\/produit\\\/ishino-sofa\\\/#breadcrumb\",\"itemListElement\":[{\"@type\":\"ListItem\",\"position\":1,\"name\":\"Accueil\",\"item\":\"https:\\\/\\\/www.bel-oeil.com\\\/en\\\/\"},{\"@type\":\"ListItem\",\"position\":2,\"name\":\"Products\",\"item\":\"https:\\\/\\\/www.bel-oeil.com\\\/en\\\/shop\\\/\"},{\"@type\":\"ListItem\",\"position\":3,\"name\":\"Ishino Sofa\"}]},{\"@type\":\"WebSite\",\"@id\":\"https:\\\/\\\/www.bel-oeil.com\\\/en\\\/#website\",\"url\":\"https:\\\/\\\/www.bel-oeil.com\\\/en\\\/\",\"name\":\"Bel-\u0152il\",\"description\":\"Born to Design\",\"publisher\":{\"@id\":\"https:\\\/\\\/www.bel-oeil.com\\\/en\\\/#organization\"},\"potentialAction\":[{\"@type\":\"SearchAction\",\"target\":{\"@type\":\"EntryPoint\",\"urlTemplate\":\"https:\\\/\\\/www.bel-oeil.com\\\/en\\\/?s={search_term_string}\"},\"query-input\":{\"@type\":\"PropertyValueSpecification\",\"valueRequired\":true,\"valueName\":\"search_term_string\"}}],\"inLanguage\":\"en-US\"},{\"@type\":\"Organization\",\"@id\":\"https:\\\/\\\/www.bel-oeil.com\\\/en\\\/#organization\",\"name\":\"Bel-\u0152il\",\"url\":\"https:\\\/\\\/www.bel-oeil.com\\\/en\\\/\",\"logo\":{\"@type\":\"ImageObject\",\"inLanguage\":\"en-US\",\"@id\":\"https:\\\/\\\/www.bel-oeil.com\\\/en\\\/#\\\/schema\\\/logo\\\/image\\\/\",\"url\":\"https:\\\/\\\/www.bel-oeil.com\\\/wp-content\\\/uploads\\\/2021\\\/10\\\/logo-bel-oeil-blanc.svg\",\"contentUrl\":\"https:\\\/\\\/www.bel-oeil.com\\\/wp-content\\\/uploads\\\/2021\\\/10\\\/logo-bel-oeil-blanc.svg\",\"caption\":\"Bel-\u0152il\"},\"image\":{\"@id\":\"https:\\\/\\\/www.bel-oeil.com\\\/en\\\/#\\\/schema\\\/logo\\\/image\\\/\"},\"sameAs\":[\"https:\\\/\\\/www.linkedin.com\\\/company\\\/beloeilinteriordesign\\\/\"]}]}<\/script>\n<!-- \/ Yoast SEO plugin. -->","yoast_head_json":{"title":"Ishino Sofa Walter Knoll Da\u00ef Sugasawa | Bel \u0152il Monaco","description":"Ishino sofa by Walter Knoll Da\u00ef Sugasawa in Sorel fabric and Harald velvet. Dimensions 240 x 88 x 74 cm. Available in Monaco.","robots":{"index":"index","follow":"follow","max-snippet":"max-snippet:-1","max-image-preview":"max-image-preview:large","max-video-preview":"max-video-preview:-1"},"canonical":"https:\/\/www.bel-oeil.com\/en\/produit\/ishino-sofa\/","schema":{"@context":"https:\/\/schema.org","@graph":[{"@type":"WebPage","@id":"https:\/\/www.bel-oeil.com\/en\/produit\/ishino-sofa\/","url":"https:\/\/www.bel-oeil.com\/en\/produit\/ishino-sofa\/","name":"Ishino Sofa Walter Knoll Da\u00ef Sugasawa | Bel \u0152il Monaco","isPartOf":{"@id":"https:\/\/www.bel-oeil.com\/en\/#website"},"primaryImageOfPage":{"@id":"https:\/\/www.bel-oeil.com\/en\/produit\/ishino-sofa\/#primaryimage"},"image":{"@id":"https:\/\/www.bel-oeil.com\/en\/produit\/ishino-sofa\/#primaryimage"},"thumbnailUrl":"https:\/\/www.bel-oeil.com\/wp-content\/uploads\/2025\/07\/ISHINO-Walter-Knoll-Dai-Sugasawa.png","datePublished":"2025-07-02T14:57:25+00:00","description":"Ishino sofa by Walter Knoll Da\u00ef Sugasawa in Sorel fabric and Harald velvet. Dimensions 240 x 88 x 74 cm. Available in Monaco.","breadcrumb":{"@id":"https:\/\/www.bel-oeil.com\/en\/produit\/ishino-sofa\/#breadcrumb"},"inLanguage":"en-US","potentialAction":[{"@type":"ReadAction","target":["https:\/\/www.bel-oeil.com\/en\/produit\/ishino-sofa\/"]}]},{"@type":"ImageObject","inLanguage":"en-US","@id":"https:\/\/www.bel-oeil.com\/en\/produit\/ishino-sofa\/#primaryimage","url":"https:\/\/www.bel-oeil.com\/wp-content\/uploads\/2025\/07\/ISHINO-Walter-Knoll-Dai-Sugasawa.png","contentUrl":"https:\/\/www.bel-oeil.com\/wp-content\/uploads\/2025\/07\/ISHINO-Walter-Knoll-Dai-Sugasawa.png","width":2524,"height":2510},{"@type":"BreadcrumbList","@id":"https:\/\/www.bel-oeil.com\/en\/produit\/ishino-sofa\/#breadcrumb","itemListElement":[{"@type":"ListItem","position":1,"name":"Accueil","item":"https:\/\/www.bel-oeil.com\/en\/"},{"@type":"ListItem","position":2,"name":"Products","item":"https:\/\/www.bel-oeil.com\/en\/shop\/"},{"@type":"ListItem","position":3,"name":"Ishino Sofa"}]},{"@type":"WebSite","@id":"https:\/\/www.bel-oeil.com\/en\/#website","url":"https:\/\/www.bel-oeil.com\/en\/","name":"Bel-\u0152il","description":"Born to Design","publisher":{"@id":"https:\/\/www.bel-oeil.com\/en\/#organization"},"potentialAction":[{"@type":"SearchAction","target":{"@type":"EntryPoint","urlTemplate":"https:\/\/www.bel-oeil.com\/en\/?s={search_term_string}"},"query-input":{"@type":"PropertyValueSpecification","valueRequired":true,"valueName":"search_term_string"}}],"inLanguage":"en-US"},{"@type":"Organization","@id":"https:\/\/www.bel-oeil.com\/en\/#organization","name":"Bel-\u0152il","url":"https:\/\/www.bel-oeil.com\/en\/","logo":{"@type":"ImageObject","inLanguage":"en-US","@id":"https:\/\/www.bel-oeil.com\/en\/#\/schema\/logo\/image\/","url":"https:\/\/www.bel-oeil.com\/wp-content\/uploads\/2021\/10\/logo-bel-oeil-blanc.svg","contentUrl":"https:\/\/www.bel-oeil.com\/wp-content\/uploads\/2021\/10\/logo-bel-oeil-blanc.svg","caption":"Bel-\u0152il"},"image":{"@id":"https:\/\/www.bel-oeil.com\/en\/#\/schema\/logo\/image\/"},"sameAs":["https:\/\/www.linkedin.com\/company\/beloeilinteriordesign\/"]}]}},"brands":[{"id":5223,"name":"Walter Knoll","slug":"walter-knoll"}],"_links":{"self":[{"href":"https:\/\/www.bel-oeil.com\/en\/wp-json\/wp\/v2\/product\/108301","targetHints":{"allow":["GET"]}}],"collection":[{"href":"https:\/\/www.bel-oeil.com\/en\/wp-json\/wp\/v2\/product"}],"about":[{"href":"https:\/\/www.bel-oeil.com\/en\/wp-json\/wp\/v2\/types\/product"}],"version-history":[{"count":0,"href":"https:\/\/www.bel-oeil.com\/en\/wp-json\/wp\/v2\/product\/108301\/revisions"}],"wp:featuredmedia":[{"embeddable":true,"href":"https:\/\/www.bel-oeil.com\/en\/wp-json\/wp\/v2\/media\/108136"}],"wp:attachment":[{"href":"https:\/\/www.bel-oeil.com\/en\/wp-json\/wp\/v2\/media?parent=108301"}],"wp:term":[{"taxonomy":"pwb-brand","embeddable":true,"href":"https:\/\/www.bel-oeil.com\/en\/wp-json\/wp\/v2\/pwb-brand?post=108301"},{"taxonomy":"product_brand","embeddable":true,"href":"https:\/\/www.bel-oeil.com\/en\/wp-json\/wp\/v2\/product_brand?post=108301"},{"taxonomy":"product_cat","embeddable":true,"href":"https:\/\/www.bel-oeil.com\/en\/wp-json\/wp\/v2\/product_cat?post=108301"},{"taxonomy":"product_tag","embeddable":true,"href":"https:\/\/www.bel-oeil.com\/en\/wp-json\/wp\/v2\/product_tag?post=108301"}],"curies":[{"name":"wp","href":"https:\/\/api.w.org\/{rel}","templated":true}]}}

<p data-start="92" data-end="334">The Ishino sofa by Walter Knoll, designed by Daï Sugasawa, combines elegance and comfort with its Sorel fabric upholstery and Harald velvet exterior. Its modern and refined design adds a sophisticated touch to your interior.</p>
<p data-start="336" data-end="540">With generous dimensions of 240 x 88 x 74 cm, this sofa provides a comfortable space to relax. The creation by designer Daï Sugasawa is distinguished by its exquisite finishes and contemporary aesthetics.</p>
<p data-start="542" data-end="681">The Ishino sofa by Walter Knoll Daï Sugasawa is available as a unique piece at our showroom, perfect for those seeking exclusive furniture.</p>
<p data-start="683" data-end="742">Available to view at our <a href="https://www.bel-oeil.com/en/good-deals-bel-oeil/">Monaco showroom – 23 rue de Millo</a>.</p>

<p>Ishino sofa with Sorel fabric inside and Harald velvet outside.<br />
Design by Daï Sugasawa.</p>
<p>Dimensions: 240 x 88 x H 74 cm<br />
Unique piece available at showroom.</p>
<p>Available to view at our <a href="https://www.bel-oeil.com/en/good-deals-bel-oeil/">Monaco showroom – 23 rue de Millo</a>.</p>

<!-- This site is optimized with the Yoast SEO plugin v27.4 - https://yoast.com/product/yoast-seo-wordpress/ -->
<title>Ishino Sofa Walter Knoll Daï Sugasawa | Bel Œil Monaco</title>
<meta name="description" content="Ishino sofa by Walter Knoll Daï Sugasawa in Sorel fabric and Harald velvet. Dimensions 240 x 88 x 74 cm. Available in Monaco." />
<meta name="robots" content="index, follow, max-snippet:-1, max-image-preview:large, max-video-preview:-1" />
<link rel="canonical" href="https://www.bel-oeil.com/en/produit/ishino-sofa/" />
<script type="application/ld+json" class="yoast-schema-graph">{"@context":"https:\/\/schema.org","@graph":[{"@type":"WebPage","@id":"https:\/\/www.bel-oeil.com\/en\/produit\/ishino-sofa\/","url":"https:\/\/www.bel-oeil.com\/en\/produit\/ishino-sofa\/","name":"Ishino Sofa Walter Knoll Daï Sugasawa | Bel Œil Monaco","isPartOf":{"@id":"https:\/\/www.bel-oeil.com\/en\/#website"},"primaryImageOfPage":{"@id":"https:\/\/www.bel-oeil.com\/en\/produit\/ishino-sofa\/#primaryimage"},"image":{"@id":"https:\/\/www.bel-oeil.com\/en\/produit\/ishino-sofa\/#primaryimage"},"thumbnailUrl":"https:\/\/www.bel-oeil.com\/wp-content\/uploads\/2025\/07\/ISHINO-Walter-Knoll-Dai-Sugasawa.png","datePublished":"2025-07-02T14:57:25+00:00","description":"Ishino sofa by Walter Knoll Daï Sugasawa in Sorel fabric and Harald velvet. Dimensions 240 x 88 x 74 cm. Available in Monaco.","breadcrumb":{"@id":"https:\/\/www.bel-oeil.com\/en\/produit\/ishino-sofa\/#breadcrumb"},"inLanguage":"en-US","potentialAction":[{"@type":"ReadAction","target":["https:\/\/www.bel-oeil.com\/en\/produit\/ishino-sofa\/"]}]},{"@type":"ImageObject","inLanguage":"en-US","@id":"https:\/\/www.bel-oeil.com\/en\/produit\/ishino-sofa\/#primaryimage","url":"https:\/\/www.bel-oeil.com\/wp-content\/uploads\/2025\/07\/ISHINO-Walter-Knoll-Dai-Sugasawa.png","contentUrl":"https:\/\/www.bel-oeil.com\/wp-content\/uploads\/2025\/07\/ISHINO-Walter-Knoll-Dai-Sugasawa.png","width":2524,"height":2510},{"@type":"BreadcrumbList","@id":"https:\/\/www.bel-oeil.com\/en\/produit\/ishino-sofa\/#breadcrumb","itemListElement":[{"@type":"ListItem","position":1,"name":"Accueil","item":"https:\/\/www.bel-oeil.com\/en\/"},{"@type":"ListItem","position":2,"name":"Products","item":"https:\/\/www.bel-oeil.com\/en\/shop\/"},{"@type":"ListItem","position":3,"name":"Ishino Sofa"}]},{"@type":"WebSite","@id":"https:\/\/www.bel-oeil.com\/en\/#website","url":"https:\/\/www.bel-oeil.com\/en\/","name":"Bel-Œil","description":"Born to Design","publisher":{"@id":"https:\/\/www.bel-oeil.com\/en\/#organization"},"potentialAction":[{"@type":"SearchAction","target":{"@type":"EntryPoint","urlTemplate":"https:\/\/www.bel-oeil.com\/en\/?s={search_term_string}"},"query-input":{"@type":"PropertyValueSpecification","valueRequired":true,"valueName":"search_term_string"}}],"inLanguage":"en-US"},{"@type":"Organization","@id":"https:\/\/www.bel-oeil.com\/en\/#organization","name":"Bel-Œil","url":"https:\/\/www.bel-oeil.com\/en\/","logo":{"@type":"ImageObject","inLanguage":"en-US","@id":"https:\/\/www.bel-oeil.com\/en\/#\/schema\/logo\/image\/","url":"https:\/\/www.bel-oeil.com\/wp-content\/uploads\/2021\/10\/logo-bel-oeil-blanc.svg","contentUrl":"https:\/\/www.bel-oeil.com\/wp-content\/uploads\/2021\/10\/logo-bel-oeil-blanc.svg","caption":"Bel-Œil"},"image":{"@id":"https:\/\/www.bel-oeil.com\/en\/#\/schema\/logo\/image\/"},"sameAs":["https:\/\/www.linkedin.com\/company\/beloeilinteriordesign\/"]}]}</script>
<!-- / Yoast SEO plugin. -->

Ishino Sofa Walter Knoll Daï Sugasawa | Bel Œil Monaco

Ishino sofa by Walter Knoll Daï Sugasawa in Sorel fabric and Harald velvet. Dimensions 240 x 88 x 74 cm. Available in Monaco.

Bel-Œil
